*j - 4247 + a = 0. Does 43 divide j?
False
Suppose 2*t + 17*t = 133. Let n(s) = s**3 - 6*s**2 + 12*s - 14. Is n(t) a multiple of 10?
False
Let b = 2156 + 13666. Is b a multiple of 54?
True
Let k(b) = 514*b**3 - 11*b**2 - 11*b + 24. Let o(g) = -256*g**3 + 5*g**2 + 5*g - 11. Let t(w) = 6*k(w) + 13*o(w). Is 16 a factor of t(-1)?
False
Suppose -2180 = -8*w + 4. Suppose w = 35*p - 34*p. Is p a multiple of 21?
True
Let t = 20866 + -14239. Is t a multiple of 7?
False
Let r be ((-618)/18)/(5 - 32/6). Suppose 8652 = r*h - 82*h. Is 13 a factor of h?
False
Does 3 divide 769 - 36/(-36)*(7 + -2)?
True
Let b be 209/(-171) - 4/(-18). Let z be ((-1)/(-2))/(b/8). Let p(j) = j**2 - 6*j - 1. Does 13 divide p(z)?
True
Let d = 3610 + -1390. Is 20 a factor of d?
True
Suppose -2*k + 2*r = -12532, -528*k - 12568 = -530*k - 4*r. Is k a multiple of 26?
False
Is 8 a factor of (-30776)/(-14) - (-28)/(-12)*(-402)/(-3283)?
False
Let d(n) = n**2 + 5*n - 12. Let b be d(2). Suppose g + 24 = b*g. Does 12 divide g?
True
Let i(k) = -k**2 + 4*k + 10. Let o be i(4). Suppose 0 = -o*j + 3*j + 2751. Does 11 divide j?
False
Let z(t) = 6*t + 5. Let v(s) = -12*s - 10. Let c(p) = 3*v(p) + 5*z(p). Suppose -28*m + 1152 = 1600. Is 9 a factor of c(m)?
False
Suppose 5*k - 3385 = 7*u - 5*u, 4*k = 5*u + 2725. Suppose 2*w - k = w. Does 10 divide w?
False
Let o(u) = 4*u - 6. Let d be o(7). Let r be (3 + d)*((-432)/(-10))/2. Is 17 a factor of 6/3 - r/(-5)?
False
Let g = -2 + 8. Suppose 0 = 2*u - g*u + 12, 3*o - 2*u = 375. Does 18 divide o?
False
Suppose -4*n + 8 + 12 = 0. Suppose -8*j = -n*j. Suppose j = w - 99 + 21. Is w a multiple of 13?
True
Suppose 2*z + 4696 + 4380 = 4*k, -4*k + 9070 = z. Is 21 a factor of k?
True
Let r(m) = 484*m**3 + 3*m**2 - 100*m + 198. Is 6 a factor of r(2)?
True
Let j(t) = -31 - 5*t - 9 + t. Let w be j(-13). Is 23 a factor of (4/(w/(-207)))/(6/(-4))?
True
Suppose 0 = -5*f - 5*d + 50, 0 = 3*f - 5*d + 6 - 20. Suppose -3*u + 399 = 3*p, 394 = -5*u + f*u - 2*p. Is 3 a factor of u?
True
Suppose -8 = -2*p + 6*a - 4*a, -4*p = -5*a - 15. Suppose -2*y + p*h + 1228 = 0, 3*h - 2044 = -5*y + 1057. Does 9 divide y?
False
Suppose 4*w = -4*u - 28, 21*u = 25*u - 3*w + 28. Let d(s) = -s**3 - 5*s**2 + 13*s + 13. Is 13 a factor of d(u)?
False
Suppose -250*l + 48 = -256*l. Let s(q) = -q**3 + 17*q + 48. Does 16 divide s(l)?
False
Let y = 2257 - 1116. Suppose 0 = -2*t + y - 95. Is t a multiple of 12?
False
Let l(a) = -a**3 - 11*a**2 + 31*a + 11. Let z be l(-13). Let j = z + 204. Is j a multiple of 15?
True
Let c be 119/(-35) + 4 + (-308)/5 - 6. Let w be (0 + -21)*26/(-6). Let f = w + c. Does 6 divide f?
True
Let n be (3/4)/((-11)/(2420/(-33))). Suppose n*f = 2*o - 156, 7*f - 11*f = -5*o + 356. Does 17 divide o?
True
Let t = 200 - 293. Let g = t - -156. Is 9 a factor of g?
True
Let f = 489 + -440. Suppose 4*s = 4*x - 152 - 8, -4*x - s + 185 = 0. Suppose x*n + 672 = f*n. Does 21 divide n?
True
Does 39 divide (-10 - (-1 - 6) - 3) + 2361?
False
Let a = 23273 + -21765. Is 13 a factor of a?
True
Let p = 23 + -7. Suppose -p*d - 9 = -19*d. Suppose -h + 2*m + 63 = -m, -2*m - 182 = -d*h. Does 30 divide h?
True
Suppose 5*b - 2*h - 2506 = 0, 0 = h + 52 - 49. Is 4 a factor of b?
True
Let s = 3463 + 5592. Does 23 divide s?
False
Let g be 2/(-6) + (-11055)/(-9) + -10. Suppose -u + 2*u + 4*b - g = 0, 0 = -3*u - b + 3665. Does 47 divide u?
True
Suppose 0 = -5*f + 10, -3531 - 4247 = -3*m - f. Is m a multiple of 54?
True
Suppose -4 = -4*z + 2*u, -2*u = 3*z - 3*u - 3. Let i(d) = 117*d**2 - 3*d - 4. Let l(q) = -q - 1. Let b(a) = z*i(a) - 4*l(a). Does 16 divide b(-1)?
False
Let g(c) = -c**3 + 4*c**2 + 2*c + 1. Let p be g(4). Let y = -2173 - -2416. Suppose -y = p*j - 18*j. Is j a multiple of 27?
True
Let s = -286 + 639. Let u = -228 + s. Is 25 a factor of u?
True
Suppose -3*r - 6 = 9, -5*x + 4*r = -55. Suppose 0 = -2*h + x - 3. Suppose -5*v + w + 4*w + 335 = 0, -127 = -h*v - 5*w. Is 6 a factor of v?
True
Let z = 1714 + -1330. Does 64 divide z?
True
Suppose -151 = -2*s + u + 82, 0 = 2*s + 4*u - 218. Let r = s - 133. Is (4/(-2))/(r/441) a multiple of 42?
False
Let l(o) = 3*o - 3*o - 4 - 4*o + 29. Let z be l(6). Is 12 a factor of 2 + 424/(z - -3)?
True
Let v(q) = -14*q**3 + q. Let i be v(-1). Let z(n) = n**2 + 17*n + 18. Let s be z(i). Suppose 2*f + s = 6*f. Does 6 divide f?
True
Suppose 0 = -0*j + 6*j. Suppose 4*y = 5*q + 951 + 2886, j = 4*y + q - 3855. Is y a multiple of 66?
False
Let d(l) = -11*l + 1. Let i(t) = -t - 1. Let h(c) = -d(c) + 6*i(c). Suppose 5*s = 3*u - 2*u + 45, 2*s - 5*u = 41. Does 5 divide h(s)?
False
Let d(x) = 27*x + 43. Let y be d(-5). Let k = y - -100. Is 444/k + (-3)/(-12)*2 a multiple of 7?
True
Let q(u) = 143*u - 1820. Is 2 a factor of q(34)?
True
Is 10 a factor of (-45)/(-30)*(-32070)/(-2 + -3)?
False
Let k(w) = -3 + 4*w - 11*w + 2222*w**2 - 2*w**3 - 2216*w**2 + 3*w**3. Is k(-6) even?
False
Suppose 4*u - 217 = 23. Let k = u + -57. Suppose f = j + k*j + 119, -f - 4*j + 151 = 0. Is 27 a factor of f?
True
Suppose -t + 4 = -6. Suppose 0 = 2*x + 5*n - 25, 4*x - 10 = -4*n + t. Suppose -3*u - 763 = -4*a, 3*u = -x*a + 5*a - 956. Is 34 a factor of a?
False
Suppose -15*n + 19*n = 16. Suppose -n = 3*i - 22. Is 56/i*(-45)/(-30) a multiple of 7?
True
Let p be (0 - 1/(-7)) + 40/14. Let v(z) = -5*z**p + 6*z**3 + 5*z - 6*z + 8 - 3*z**2 + 7*z**2. Does 5 divide v(-3)?
True
Let d(v) = 2*v + 956. Does 86 divide d(2)?
False
Let q be 6370/20 + 1/(-2) + 2. Suppose -q = -n + 11*n. Does 22 divide 12/n + 4329/24?
False
Suppose -16*q + 111924 = 2*q - 0*q. Is 39 a factor of q?
False
Suppose -z - 201 = -3*z + h, -2*z = 3*h - 189. Suppose 83*r + 9120 = z*r. Is 6 a factor of r?
True
Let c(o) = -2*o**3 + 9*o**2 - 9*o + 4. Let v be c(2). Suppose -v*z = -1245 - 5961. Is 27 a factor of z?
False
Let x be 1 - -159 - (3 - 7). Let s = 213 + -286. Let b = x + s. Is b a multiple of 13?
True
Let a be -2*2/((-4)/3). Suppose 270*v + 291*v = 577*v. Suppose 5*i - a*i - 192 = v. Is i a multiple of 16?
True
Let z be (-2065)/28*-8*(-2)/4. Let s = z + 16. Let v = -97 - s. Is v a multiple of 13?
True
Let r(y) = 6*y - 5*y + 0*y. Let d(x) = 4*x - 1. Let j(p) = -d(p) - 2*r(p). Is j(-6) a multiple of 25?
False
Let q(o) = o**3 - 3*o**2 - 8*o + 9. Let g be q(5). Suppose -3*t = -g - 995. Suppose 5*l + t = 5*z + 98, -z = -4*l - 36. Does 12 divide z?
False
Let b be (272/24 - (-4)/6)/2. Suppose 2*k - 1152 = -b*k. Suppose -2*n = 4*a - 254, -n + 2*a = -k + 9. Is 12 a factor of n?
False
Let q(k) = 22*k**3 + 4*k**2 - 7*k + 7. Let b be q(2). Let y = b - 54. Is y a multiple of 5?
False
Let i(q) = -5*q + 7*q**3 - 2*q + 7 + 3*q. Suppose 5*o - 2*f = -3 + 7, -5*f = -5*o - 5. Does 16 divide i(o)?
False
Suppose 10*r - 9*r = 2*n - 34, 52 = 3*n - r. Suppose -n*k = -6138 - 972. Is 14 a factor of k?
False
Let o = 527 + -361. Suppose -o - 518 = -9*j. Does 3 divide j?
False
Let a be 2142/(-12) - (1/2)/(-1). Let y = a - -550. Suppose 4*h - y = -140. Is 29 a factor of h?
True
Let l(a) = -a + 60. Suppose -18 = -2*q + 20. Let i = q - 19. Is 12 a factor of l(i)?
True
Let x(o) = o. Let w(k) = 2*k - 4. Let c(j) = -w(j) + 4*x(j). Let q(s) = 9*s**2 + 1. Let a be q(1). Is c(a) a multiple of 8?
True
Let r(m) = m**3 - 7*m**2 + 6*m + 2. Let f be r(6). Let g(h) = 3*h**2 - 8*h**2 - 11 - h**3 - 13*h - 4*h**2 + h**f. Is 18 a factor of g(-7)?
False
Suppose 2*d - 76 = -68. Suppose -30 = d*n + 18. Let h(c) = c**2 + 6*c + 11. Is 32 a factor of h(n)?
False
Suppose 0 = -3*q + 9, -q = -2*n - 0*q + 7. Suppose 0 = -5*b + n*s - 1170, 3*b = -2*s - 3*s - 678. Let z = -75 - b. Is 15 a factor of z?
False
Suppose 32*p - 21690 = 29*p. Suppose 17*b = 32*b - p. Does 4 divide b?
False
Let z(g) = g**3 + 10*g**2 - 25*g - 10. Let a = 121 + -133. Let o be z(a). Suppose t + 2*t = 2*d + 175, -t - o*d = -69. Is t a multiple of 16?
False
Is (-64*(-11)/110)/(2/180) a multiple of 8?
True
Let p(g) be the first derivative of g**3 + g**2 + 13*g - 71. Is p(-3) a multiple of 6?
False
Suppose 3*b - 5*a + 10 = 0, b = 5*a + 7 - 27. Suppose 0 = b*g + 3*j - 1686, 6*j + 1004 = 3*g + 4*j. Is 16 a factor of g?
True
Let i(s) = 2*s**2 - 9*s - 40. Let j be i(-4). Is j/210 + (-13854)/(-45) - -4 a multiple of 9?
False
Let v = -36 - -31. Let w(z) be the second derivative of -5*z**3/6 + 5*z**2/2 + 3*z. Is w(v) a multiple of 6?
T